{"id":7429,"date":"2025-11-28T16:55:24","date_gmt":"2025-11-28T15:55:24","guid":{"rendered":"https:\/\/ht2techinfo.cd\/p\/hydro\/?page_id=7429"},"modified":"2025-11-28T17:15:36","modified_gmt":"2025-11-28T16:15:36","slug":"le-secretariat-general","status":"publish","type":"page","link":"https:\/\/ht2techinfo.cd\/p\/hydro\/le-secretariat-general\/","title":{"rendered":"Le Secr\u00e9tariat G\u00e9n\u00e9ral"},"content":{"rendered":"\t\t<div data-elementor-type=\"wp-page\" data-elementor-id=\"7429\" class=\"elementor elementor-7429\">\n\t\t\t\t<div class=\"elementor-element elementor-element-1141d5a e-flex e-con-boxed e-con e-parent\" data-id=\"1141d5a\" data-element_type=\"container\">\n\t\t\t\t\t<div class=\"e-con-inner\">\n\t\t\t\t<div class=\"elementor-element elementor-element-11688a9 elementor-widget elementor-widget-heading\" data-id=\"11688a9\" data-element_type=\"widget\" data-widget_type=\"heading.default\">\n\t\t\t\t<div class=\"elementor-widget-container\">\n\t\t\t<h2 class=\"elementor-heading-title elementor-size-default\">Le Secr\u00e9tariat G\u00e9n\u00e9ral est l'organe administratif et technique du Minist\u00e8re. A ce titre, il est charg\u00e9 notamment de:<\/h2>\t\t<\/div>\n\t\t\t\t<\/div>\n\t\t\t\t\t<\/div>\n\t\t\t\t<\/div>\n\t\t<div class=\"elementor-element elementor-element-2ce1950 e-flex e-con-boxed e-con e-parent\" data-id=\"2ce1950\" data-element_type=\"container\">\n\t\t\t\t\t<div class=\"e-con-inner\">\n\t\t\t\t<div class=\"elementor-element elementor-element-f3b81da elementor-widget elementor-widget-text-editor\" data-id=\"f3b81da\" data-element_type=\"widget\" data-widget_type=\"text-editor.default\">\n\t\t\t\t<div class=\"elementor-widget-container\">\n\t\t\t\t\t\t\t<ul><li>Traiter et analyser tous les dossiers lui confi\u00e9s par le Ministre;<\/li><li>Veiller \u00e0 la bonne ex\u00e9cution des d\u00e9cisions du Ministre<\/li><li>Contr\u00f4ler, suivre et \u00e9valuer les activit\u00e9s des soci\u00e9t\u00e9s p\u00e9troli\u00e8res et gazi\u00e8res ainsi que de leurs filiales participant \u00e0 l&rsquo;activit\u00e9 ou sous-traitants;<\/li><li>Traiter les requ\u00eates et rapports des op\u00e9rateurs p\u00e9troliers;<\/li><li>Constater, liquider les recettes du Minist\u00e8re;<\/li><li>Constater les besoins et pr\u00e9parer les dossiers d&rsquo;appels d&rsquo;offre \u00e0 soumettre au Ministre ;<\/li><li>Pr\u00e9parer les contrats et en assurer le suivi;<\/li><li>Concevoir les normes techniques du secteur;<\/li><li>Contr\u00f4ler les infrastructures de distribution, transport-stockage des produits p\u00e9troliers et de p\u00e9trochimie;<\/li><li>Identifier les besoins en formation et \u00e9laborer les plans et programmes de renforcement des capacit\u00e9s du personnel du Minist\u00e8re ;<\/li><li>Tenir les registres des droits d&rsquo;Hydrocarbures et autorisations sp\u00e9cifiques accord\u00e9s par le Ministre ;<\/li><li>\u00c9laborer et \u00e9valuer les projets p\u00e9troliers;<\/li><li>Pr\u00e9parer les pr\u00e9visions budg\u00e9taires des d\u00e9penses des recettes et d&rsquo;investissement du Minist\u00e8re ;<\/li><li>Inspecter les conditions de travail dans les activit\u00e9s des hydrocarbures ;<\/li><li>Elaborer, conserver et diffuser la documentation relative aux Hydrocarbures.<\/li><\/ul>\t\t\t\t\t\t<\/div>\n\t\t\t\t<\/div>\n\t\t\t\t\t<\/div>\n\t\t\t\t<\/div>\n\t\t<div class=\"elementor-element elementor-element-627f059 e-flex e-con-boxed e-con e-parent\" data-id=\"627f059\" data-element_type=\"container\">\n\t\t\t\t\t<div class=\"e-con-inner\">\n\t\t\t\t<div class=\"elementor-element elementor-element-35661de elementor-widget elementor-widget-text-editor\" data-id=\"35661de\" data-element_type=\"widget\" data-widget_type=\"text-editor.default\">\n\t\t\t\t<div class=\"elementor-widget-container\">\n\t\t\t\t\t\t\t<p>Pour plus des d\u00e9tails sur les activit\u00e9s du Secr\u00e9tariat G\u00e9n\u00e9ral, acc\u00e9dez \u00e0 son Portail Web via le lien <a href=\"http:\/\/sghydro.gouv.cd\/\"><em>sghydro.gouv.cd<\/em><\/a><\/p>\t\t\t\t\t\t<\/div>\n\t\t\t\t<\/div>\n\t\t\t\t\t<\/div>\n\t\t\t\t<\/div>\n\t\t\t\t<\/div>\n\t\t","protected":false},"excerpt":{"rendered":"<p>Le Secr\u00e9tariat G\u00e9n\u00e9ral est l&rsquo;organe administratif et technique du Minist\u00e8re. A ce titre, il est charg\u00e9 notamment de: Traiter et analyser tous les dossiers lui confi\u00e9s par le Ministre; Veiller \u00e0 la bonne ex\u00e9cution des d\u00e9cisions du Ministre Contr\u00f4ler, suivre et \u00e9valuer les activit\u00e9s des soci\u00e9t\u00e9s p\u00e9troli\u00e8res et gazi\u00e8res ainsi que de leurs filiales participant [&hellip;]<\/p>\n","protected":false},"author":1,"featured_media":0,"parent":0,"menu_order":0,"comment_status":"closed","ping_status":"closed","template":"elementor_header_footer","meta":{"give_campaign_id":0,"footnotes":""},"class_list":["post-7429","page","type-page","status-publish","hentry"],"campaignId":"","_links":{"self":[{"href":"https:\/\/ht2techinfo.cd\/p\/hydro\/wp-json\/wp\/v2\/pages\/7429","targetHints":{"allow":["GET"]}}],"collection":[{"href":"https:\/\/ht2techinfo.cd\/p\/hydro\/wp-json\/wp\/v2\/pages"}],"about":[{"href":"https:\/\/ht2techinfo.cd\/p\/hydro\/wp-json\/wp\/v2\/types\/page"}],"author":[{"embeddable":true,"href":"https:\/\/ht2techinfo.cd\/p\/hydro\/wp-json\/wp\/v2\/users\/1"}],"replies":[{"embeddable":true,"href":"https:\/\/ht2techinfo.cd\/p\/hydro\/wp-json\/wp\/v2\/comments?post=7429"}],"version-history":[{"count":10,"href":"https:\/\/ht2techinfo.cd\/p\/hydro\/wp-json\/wp\/v2\/pages\/7429\/revisions"}],"predecessor-version":[{"id":7443,"href":"https:\/\/ht2techinfo.cd\/p\/hydro\/wp-json\/wp\/v2\/pages\/7429\/revisions\/7443"}],"wp:attachment":[{"href":"https:\/\/ht2techinfo.cd\/p\/hydro\/wp-json\/wp\/v2\/media?parent=7429"}],"curies":[{"name":"wp","href":"https:\/\/api.w.org\/{rel}","templated":true}]}}